2, 5, 7, 23, 31, 701
What are the prime factors of 129009238?
2, 89, 179, 4049
List the prime factors of 62207079.
3, 11, 283, 6661
List the prime factors of 285946943.
89, 149, 21563
List the prime factors of 38608977.
3, 11, 701, 1669
List the prime factors of 151908719.
17, 2707, 3301
List the prime factors of 89686673.
307, 389, 751
What are the prime factors of 190111687?
190111687
List the prime factors of 196910324.
2, 13, 587, 6451
List the prime factors of 558629095.
5, 17, 263, 24989
What are the prime factors of 101050789?
7, 137, 15053
What are the prime factors of 125293192?
2, 311, 50359
What are the prime factors of 2249060156?
2, 7, 80323577
What are the prime factors of 73478515?
5, 11, 73, 18301
List the prime factors of 124125913.
124125913
What are the prime factors of 104486845?
5, 17, 1229257
List the prime factors of 206317688.
2, 25789711
What are the prime factors of 1803771779?
8209, 219731
What are the prime factors of 1760792458?
2, 7757, 113497
What are the prime factors of 137819637?
3, 97, 1949
List the prime factors of 90990723.
3, 30330241
List the prime factors of 2172025242.
2, 3, 19, 89, 71359
What are the prime factors of 35144758?
2, 11, 1597489
List the prime factors of 26931593.
13, 2071661
List the prime factors of 1928883063.
3, 23, 2437, 11471
List the prime factors of 27120899.
13, 17, 122719
List the prime factors of 1331678866.
2, 7, 4463, 21313
List the prime factors of 522756353.
7, 1524071
What are the prime factors of 16295105?
5, 379, 8599
What are the prime factors of 12558817?
457, 27481
List the prime factors of 143931372.
2, 3, 13, 922637
List the prime factors of 182900327.
19, 9626333
List the prime factors of 40281524.
2, 31, 563, 577
What are the prime factors of 57516044?
2, 14379011
What are the prime factors of 31920432?
2, 3, 109, 6101
List the prime factors of 95934583.
1409, 68087
What are the prime factors of 70620020?
2, 5, 3531001
What are the prime factors of 158515879?
19, 8342941
What are the prime factors of 1842879782?
2, 337, 2734243
What are the prime factors of 73985937?
3, 24661979
List the prime factors of 466607461.
191, 2442971
List the prime factors of 31879844.
2, 7969961
What are the prime factors of 355622915?
5, 17, 47, 89017
List the prime factors of 3109453764.
2, 3, 541, 478967
List the prime factors of 38062670.
2, 5, 59, 64513
List the prime factors of 165902436.
2, 3, 7, 94049
What are the prime factors of 1818960931?
43, 1097, 38561
What are the prime factors of 1384920?
2, 3, 5, 3847
What are the prime factors of 2103175081?
7, 149, 199, 10133
What are the prime factors of 825474142?
2, 412737071
What are the prime factors of 11799037?
17, 694061
List the prime factors of 32745349.
7, 13, 17, 61, 347
List the prime factors of 7139887201.
79, 90378319
What are the prime factors of 1836490030?
2, 5, 19, 163, 3121
List the prime factors of 5415412917.
3, 17, 6246151
List the prime factors of 1063416859.
139, 2017, 3793
What are the prime factors of 55500080?
2, 5, 269, 2579
What are the prime factors of 968298408?
2, 3, 7, 11, 8317
List the prime factors of 1038601935.
3, 5, 7, 3297149
What are the prime factors of 73922588?
2, 18480647
What are the prime factors of 3611386817?
3611386817
What are the prime factors of 68174493?
3, 22724831
List the prime factors of 184743456.
2, 3, 29, 66359
List the prime factors of 1094216733.
3, 41, 2965357
List the prime factors of 349192850.
2, 5, 127, 433
List the prime factors of 29520953.
7, 11, 151, 2539
List the prime factors of 43173000.
2, 3, 5, 13, 41
What are the prime factors of 26499917?
26499917
List the prime factors of 1060702954.
2, 97, 5467541
What are the prime factors of 1100637560?
2, 5, 11, 2501449
What are the prime factors of 38953359?
3, 1442717
What are the prime factors of 204930898?
2, 79, 131, 9901
List the prime factors of 334620397.
1801, 185797
What are the prime factors of 82848952?
2, 1381, 7499
What are the prime factors of 2640765822?
2, 3, 17, 1522933
What are the prime factors of 2330281211?
2330281211
List the prime factors of 122277040.
2, 5, 1528463
What are the prime factors of 28010131?
28010131
What are the prime factors of 415646888?
2, 19, 571, 4789
What are the prime factors of 276485895?
3, 5, 7, 53, 16561
List the prime factors of 10161134.
2, 5080567
What are the prime factors of 27257724?
2, 3, 13, 58243
What are the prime factors of 869072766?
2, 3, 173, 837257
What are the prime factors of 551126716?
2, 7, 2811871
List the prime factors of 339279305.
5, 41, 1655021
What are the prime factors of 110229895?
5, 1231, 17909
List the prime factors of 122975534.
2, 11, 5589797
What are the prime factors of 172609854?
2, 3, 3821, 7529
List the prime factors of 18430297.
2087, 8831
What are the prime factors of 94042664?
2, 97, 121189
What are the prime factors of 33085558?
2, 11, 173, 8693
List the prime factors of 55582961.
7, 19, 43, 9719
What are the prime factors of 27201852?
2, 3, 61, 4129
List the prime factors of 1140014719.
1140014719
List the prime factors of 32175518.
2, 16087759
What are the prime factors of 457882141?
37, 1951, 6343
List the prime factors of 72029540.
2, 5, 11, 327407
List the prime factors of 518132731.
518132731
What are the prime factors of 760231751?
760231751
What are the prime factors of 1689440262?
2, 3, 61, 157, 29401
List the prime factors of 2387906087.
7, 18251, 18691
List the prime factors of 34133105.
5, 6826621
List the prime factors of 1414629732.
2, 3, 37, 3186103
List the prime factors of 5269010839.
337, 463, 33769
What are the prime factors of 106938673?
61, 1753093
What are the prime factors of 744839826?
2, 3, 124139971
What are the prime factors of 121558463?
13, 43, 217457
What are the prime factors of 154896361?
181, 855781
List the prime factors of 1672971732.
2, 3, 103, 50131
What are the prime factors of 17777420?
2, 5, 888871
What are the prime factors of 434210220?
2, 3, 5, 109, 2459
What are the prime factors of 385322242?
2, 19, 10140059
What are the prime factors of 733287236?
2, 11, 16665619
List the prime factors of 108169496.
2, 1873, 7219
What are the prime factors of 62290456?
2, 1447, 5381
What are the prime factors of 23330647?
17, 1372391
What are the prime factors of 423744164?
2, 105936041
What are the prime factors of 262546647?
3, 11, 723269
List the prime factors of 46045559.
7, 71, 92647
What are the prime factors of 3193576678?
2, 1596788339
What are the prime factors of 9175287?
3, 11, 31, 8969
What are the prime factors of 169923110?
2, 5, 7, 2427473
What are the prime factors of 76669680?
2, 3, 5, 61, 5237
What are the prime factors of 20777172?
2, 3, 13, 133187
What are the prime factors of 19573498?
2, 7, 1398107
What are the prime factors of 1093089021?
3, 131, 2781397
What are the prime factors of 434628517?
1223, 355379
List the prime factors of 973814113.
29, 67, 501191
List the prime factors of 1145360045.
5, 229072009
What are the prime factors of 170128419?
3, 56709473
What are the prime factors of 90305647?
90305647
What are the prime factors of 35596486?
2, 1741, 10223
List the prime factors of 148549106.
2, 19, 127, 30781
List the prime factors of 6332342.
2, 3166171
List the prime factors of 95236710.
2, 3, 5, 1609, 1973
What are the prime factors of 94872901?
83, 1143047
List the prime factors of 146928073.
37, 293, 13553
What are the prime factors of 3085802807?
3085802807
What are the prime factors of 830582570?
2, 5, 1327, 62591
What are the prime factors of 1468795587?
3, 7, 1543, 45329
What are the prime factors of 14602788?
2, 3, 135211
List the prime factors of 311649360.
2, 3, 5, 11, 97, 1217
List the prime factors of 1683199528.
2, 210399941
List the prime factors of 3357289646.
2, 31, 37, 1463509
List the prime factors of 77738244.
2, 3, 6478187
List the prime factors of 887111841.
3, 7, 11, 31, 73, 1697
List the prime factors of 106981405.
5, 79, 199, 1361
What are the prime factors of 219330513?
3, 1471, 16567
What are the prime factors of 2969112?
2, 3, 193, 641
What are the prime factors of 582864698?
2, 13, 157, 142789
List the prime factors of 55645883.
55645883
What are the prime factors of 245439392?
2, 11, 697271
What are the prime factors of 127086443?
11, 1